7*m - 21. Let i(l) = -9*b(l) - 2*d(l). Suppose -3*a + 36 = -4*j, 161*j - 159*j + 5*a - 8 = 0. Calculate i(j).
9
Let p(d) be the first derivative of d**3/3 + 7*d**2 - 9*d - 8076. Suppose -5*z - 75 = 5*l, -3*l = -0*z + 4*z + 49. Give p(l).
-42
Let t be (-38)/8 + 9/12. Let d be (10/4)/(3*(-65)/(-468)). Let o(u) = 2*u + 38 + d*u - 32. Determine o(t).
-26
Let j(l) = 9*l + 1. Let b(g) = g**2 - 17*g - 14. Let y be b(18). Suppose 0 = -z + y*a + 5 + 9, 0 = 5*a + 20. Determine j(z).
-17
Let p(i) = i**2 + 2*i - 16. Suppose -5*o - 2*b = 19, -118*b - 11 = o - 120*b. Determine p(o).
-1
Suppose 2*z = -5*r - 8 - 15, 0 = 4*z - r - 9. Let g(y) = 13*y - 2. Let m(l) = -l + 1. Let q(d) = g(d) + 3*m(d). Determine q(z).
11
Let j(c) = -24*c**3 + 1. Let p = -5354 - -5353. Give j(p).
25
Let f(p) be the first derivative of -5*p**2 - 11*p - 438. What is f(-1)?
-1
Suppose 3*u + 201 = 234. Let v(l) = 1 + 203924*l - 203927*l + u. Calculate v(11).
-21
Let s(u) = 23*u + 52. Let w(c) = 8*c**2 - 140*c + 187. Let b be w(16). What is s(b)?
-63
Let i(c) = -c**3 - 5*c**2 - 2*c - 4. Suppose -2*m - 2*f = 14 - 6, -5*m - 8 = f. Let p be (-8 - m)/(31/(-403)). Let l = p + -96. Give i(l).
6
Let q be (1 - -2) + -1 + (-1 - 0). Let v(n) = -n - q + 3*n**2 - 6*n + 8*n. Determine v(2).
13
Let y(r) = 2*r - 24. Let t = -6241 - -6250. Calculate y(t).
-6
Let p(g) = 20 - 34 + 12 + 20 + 5*g. Suppose 12 = -c - 3*c. Let x be p(c). Let k(n) = n**2 - 4*n + 1. Determine k(x).
-2
Suppose -2*v - 12 = 2*v. Let s(k) = -1731231*k + k**2 + 0*k**2 + 1731234*k. Determine s(v).
0
Let q(o) be the first derivative of -o**4/4 + 6*o**3 - 16*o**2 - 7*o + 617. Calculate q(16).
-7
Let c(t) = 4 - 6 + 7*t**2 + 1. Let p be 44888/(-22806) + (-2)/63. Give c(p).
27
Suppose -268*p + 65*p + 3194 = -663. Let t(y) = y + 10. Give t(p).
29
Let n be (3 + -5 - -6) + -4. Suppose 5*y + 2*h = -n*h - 13, -h + 16 = -5*y. Let f be (y - (-30)/9)*18. Let v(z) = z**2 - 7*z + 1. Determine v(f).
-5
Let g = 4494 + -4478. Let x(v) = 5*v - 79. Determine x(g).
1
Let g(v) = -v**3 - 29*v**2 - 30*v - 63. Suppose -25*m = 25*m + 1400. Let q be g(m). Let h(r) = -r**2 - 9*r - 6. Determine h(q).
8
Suppose -30*v + 276 = -7*v. Suppose l - v = 4*l, 2*l = -3*r + 10. Let n(d) = d + 2. Calculate n(r).
8
Let g(p) = -19*p**3 - 49*p**2 + 148*p + 94. Let o(b) = 5*b**3 + 12*b**2 - 37*b - 24. Let k(t) = 4*g(t) + 15*o(t). Calculate k(-18).
-2
Let g = 1 + 3. Let h(s) be the third derivative of -s**5/60 + s**4/4 - 2*s**3/3 + 7315*s**2. Determine h(g).
4
Suppose -3*g - 4*r - 29 = 0, -2*r = -5*g + 9*g + 22. Let k(m) = -63*m + 0 + 67*m + 0 + 2. Calculate k(g).
-10
Suppose 10 = -u + 17. Let k = 8 - u. Let g be ((1 - (k - -1)) + 3)*-1. Let f(d) = -d**3 - d**2 + 1. What is f(g)?
5
Suppose -4*f - 12 = -f - 3*a, 4*a = -4. Let h(w) be the third derivative of -w**4/4 - 7*w**3/6 - 341*w**2. Calculate h(f).
23
Suppose -197*l = -255*l + 406. Let y(z) = 3*z - 12. What is y(l)?
9
Let m = 10300 - 10298. Let d(z) = -4*z**2 + 3*z + 3. What is d(m)?
-7
Let b(u) = -13*u - 11. Let f(o) = o**2 + 62*o + 288. Let y be f(-57). Calculate b(y).
-50
Let o(f) = -25*f + 37. Let z(d) = 6*d - 9. Let k(w) = -2*o(w) - 9*z(w). Suppose -252 = -6*t + 180. Suppose -14*g = -2*g - t. Determine k(g).
-17
Let g(z) = z**3 - 437*z - 11 + 445*z - 18*z**2 + 28*z**2. Calculate g(-3).
28
Let r be 2/(-3) + 56/(-42). Suppose 2*d = 3*d - 3*o - 14, 22 = 5*d + o. Let j(q) = -q - q**2 + 0 - 1 + 3*q + d*q**2. Determine j(r).
11
Let m(i) be the second derivative of -i**5/10 + i**4/3 + 5*i**3/3 + i**2/2 + 8*i + 52. Calculate m(3).
13
Let d(u) = -16*u**3 + 15*u**2 + 23*u - 21. Let i(v) = -19*v**3 + 16*v**2 + 25*v - 21. Let b(y) = -6*d(y) + 5*i(y). Give b(11).
-1
Let t be 4 + 2 - (0 - (-3 - 1)). Let h(v) = -82*v**t - 1 - 10 + 4 + 81*v**2 + 3. Calculate h(-4).
-20
Let v(z) be the third derivative of z**5/60 - z**4/3 - 5*z**3/3 + 2*z**2 - 148*z - 4. Calculate v(-4).
38
Suppose -2111 + 2125 = -7*m. Let r(c) = 3*c**2 - 3*c + 2. Calculate r(m).
20
Let r(i) = -4*i**2 - 13*i - 10. Suppose 4*o = 5*y + 484 - 486, -14 = y + o. What is r(y)?
-76
Let c be (-1422)/632 - (-5)/4. Let j(u) = 9*u**3 - 2*u**2 - 3*u - 2. Give j(c).
-10
Suppose 5*u - 3*l - 29 = -23, -15 = -2*u - 3*l. Let f(o) = -2*o - 14. Let v(g) = -g - 13. Let j(t) = u*v(t) - 2*f(t). Determine j(-9).
-20
Let k(m) = -m**2 + 3*m - 8. Let b(a) = -a**3 + 14*a**2 - a + 21. Let z be b(14). Let q(y) = -2*y**2 + 5*y - 17. Let x(n) = z*k(n) - 3*q(n). Give x(6).
-5
Suppose -9*m + 749 = -12*m - p, 0 = m + 4*p + 246. Let s = m - -245. Let b(u) = u**3 + 5*u**2 - 2*u - 2. Calculate b(s).
8
Let c = 46 + -42. Let d(u) = -15*u + 2. Let m(l) = 5*l - 6*l + 0 - 1 + 9*l. Let i(g) = -6*d(g) - 11*m(g). What is i(c)?
7
Let g(r) be the third derivative of -r**5/60 + 7*r**4/8 - 113*r**3/6 - 50*r**2. Let f(t) be the first derivative of g(t). Calculate f(13).
-5
Let s(g) = 12*g. Let w be (-9)/(-9) - (66/(-11))/(2/2). Determine s(w).
84
Let g(r) = 2*r + 10. Let d = -6337 - -6337. Give g(d).
10
Let v(g) = 2*g**3 + 3*g**2 - 4*g**2 + 0*g**2 + 1. Let y(k) = 9*k - 33 + 10*k - 11 - k**2 + 2*k**2. Let s be y(-21). Determine v(s).
-19
Let d(k) be the second derivative of -k**5/20 + 7*k**4/12 - 2*k**3 + 2*k**2 + 2*k - 10266. Suppose -9 + 4 = -w. What is d(w)?
-6
Let j be (-4)/8*10/(-5) - -32. Suppose j*o + 40 = 13*o. Let q(a) = 4*a**2 + 2*a + 9. Let v(l) = -2*l**2 - l - 4. Let c(p) = 6*q(p) + 13*v(p). Determine c(o).
-4
Let q(r) be the first derivative of 4*r**2 - 2*r - 2. Let c be 0 - (-15 + -1) - 0/(-1). Suppose -7*s = -15*s + c. What is q(s)?
14
Let z(h) = 4*h - 62. Suppose 670 + 613 = 80*d - 157. What is z(d)?
10
Let h(g) = 7*g + 8. Let p(x) = -2*x. Let f(n) = 2*h(n) + 6*p(n). Let m be ((-11)/1)/((-148)/(-74)*3/6). Calculate f(m).
-6
Let w(j) = 2*j + 2. Let l be w(3). Let i = l - 5. Let d(u) = -4 + 2 - 3*u - 60255*u**2 + 4*u + 60252*u**2 + u**3. Give d(i).
1
Let o(v) be the first derivative of v**4/4 - v**3/3 + 3*v**2/2 - 7*v - 1320. Calculate o(0).
-7
Suppose 1272*f - 1274*f + 2 = 2*t, 2*f - 5*t - 44 = 0. Let b(d) = -262*d + 1835. Determine b(f).
1
Let v(f) = -2*f**3 + f**2 - 4*f - 1. Let r(b) = 7*b**3 - 3*b**2 + 11*b + 3. Let o(n) = 3*r(n) + 8*v(n). Suppose 5*i + 16 - 11 = 0. What is o(i)?
-6
Let v(q) = -5*q - 4. Let n be ((-18)/8)/((-3)/24). Suppose -5*l = l + n. Give v(l).
11
Suppose 3*s = 4*l - 5, 72*s - 67*s - 2*l = -13. Let x(j) = -2*j**2 + 6*j + 3. Let g(a) = -5*a**2 + 18*a + 10. Let w(k) = -3*g(k) + 8*x(k). Give w(s).
3
Let m(p) = p**3 - 5*p**2 - 8*p + 14. Let z be m(6). Let c(x) = 0*x**3 + 5*x + 2*x**2 + 4*x**z - x**3 + 8. Let s be (-4)/1*(-28)/16. Determine c(s).
-6
Let h(o) = o + 12. Let w be -6 - (3 + (-3 - -1))*-4. Let f(y) = 12*y + 24. Let p be f(w). Give h(p).
12
Suppose -10 = -h + 3*v, 2*h + 8*v = v - 19. Let k(m) = -5*m - 6. Give k(h).
-11
Let n be (-28 + 31)/(1/9) + -2 + -4. Let j(c) = c**2 - 24*c - 3. Determine j(n).
-66
Let x(p) be the second derivative of -p**4/12 + p**3/3 + 21*p**2/2 + 43533*p. Let y be (-3)/6 - 22/(-4). Calculate x(y).
6
Let w(x) be the second derivative of -x**5/20 - 19*x**4/12 - 19*x**3/6 + 19*x**2/2 - 2930*x. Calculate w(-18).
37
Let d(m) = -m**3 - 6*m**2 - m. Let c be d(-6). Suppose -4*f + 11 = 3*t, -2*f + 2 = 2*t - 4. Let u(w) = -3 + 7*w + 4 - w**2 - t - 3. Give u(c).
3
Let s(k) be the first derivative of 1/12*k**5 + 1/12*k**4 - 3/2*k**2 + 20 - 1/3*k**3 + 0*k. Let d(n) be the second derivative of s(n). What is d(-2)?
14
Let g(q) = 47*q - 2. Suppose 2*l + 54*n - 57*n = 2, 4*l + 5*n = 4. Give g(l).
45
Let z(i) be the second derivative of -i**6/120 + 7*i**5/60 - i**4/3 + 4*i**3/3 - 29*i**2/2 + 129*i. Let c(w) be the first derivative of z(w). Calculate c(6).
-4
Let b(m) = -m + 22. Let f = -82 + 82. Suppose 0 = -4*w + 3*s + 77, f = -4*w - 5*s + 45 + 72. What is b(w)?
-1
Let g(o) = 59*o**2 - 42*o + 1. Let f(h) = 31*h**2 - 26*h + 1. Let b(i) = 5*f(i) - 3*g(i). Give b(-2).
-78
Suppose 2*u - 8 = 6. Let p(w) = w - 6. Let a(l) = 3*l - 11. Let d(k) = u*p(k) - 4*a(k). Let z be (-7)/((-1638)/(-738)) + (-4)/(-26). Calculate d(z).
17
Let g(q) = 2*q - 3. Let a be g(4). Let z(n) = -19*n - 4. Let x(t) = 12*t + 5. Let v(f) = 3*x(f) + 2*z(f). What is v(a)?
-3
Let x(u) = 9*u**3 + 4*u**2 - 3*u - 4. Suppose -o = -5*c - 16, -3*c + 2*o + 2490 = 2508. Give x(c).
-54
Let u(s) be the second d